
{"id":10095,"date":"2023-05-14T07:12:37","date_gmt":"2023-05-14T05:12:37","guid":{"rendered":"http:\/\/127.0.0.1\/istin\/?page_id=10095"},"modified":"2024-05-12T00:07:45","modified_gmt":"2024-05-11T22:07:45","slug":"presentation","status":"publish","type":"page","link":"https:\/\/istingabon.org\/?page_id=10095","title":{"rendered":"PRESENTATION"},"content":{"rendered":"\t\t<div data-elementor-type=\"wp-page\" data-elementor-id=\"10095\" class=\"elementor elementor-10095\">\n\t\t\t\t\t\t\t\t\t<section class=\"elementor-section elementor-top-section elementor-element elementor-element-92d9954 elementor-section-boxed elementor-section-height-default elementor-section-height-default\" data-id=\"92d9954\" data-element_type=\"section\">\n\t\t\t\t\t\t<div class=\"elementor-container elementor-column-gap-default\">\n\t\t\t\t\t<div class=\"elementor-column elementor-col-50 elementor-top-column elementor-element elementor-element-10da5a0\" data-id=\"10da5a0\" data-element_type=\"column\">\n\t\t\t<div class=\"elementor-widget-wrap elementor-element-populated\">\n\t\t\t\t\t\t\t\t<div class=\"elementor-element elementor-element-64c0f2d elementor-widget elementor-widget-image\" data-id=\"64c0f2d\" data-element_type=\"widget\" data-widget_type=\"image.default\">\n\t\t\t\t<div class=\"elementor-widget-container\">\n\t\t\t<style>\/*! elementor - v3.18.0 - 20-12-2023 *\/\n.elementor-widget-image{text-align:center}.elementor-widget-image a{display:inline-block}.elementor-widget-image a img[src$=\".svg\"]{width:48px}.elementor-widget-image img{vertical-align:middle;display:inline-block}<\/style>\t\t\t\t\t\t\t\t\t\t\t\t<img fetchpriority=\"high\" decoding=\"async\" width=\"640\" height=\"397\" src=\"https:\/\/istingabon.org\/wp-content\/uploads\/2023\/12\/presentation-1024x635.png\" class=\"attachment-large size-large wp-image-10531\" alt=\"\" srcset=\"https:\/\/istingabon.org\/wp-content\/uploads\/2023\/12\/presentation-1024x635.png 1024w, https:\/\/istingabon.org\/wp-content\/uploads\/2023\/12\/presentation-300x186.png 300w, https:\/\/istingabon.org\/wp-content\/uploads\/2023\/12\/presentation-768x476.png 768w, https:\/\/istingabon.org\/wp-content\/uploads\/2023\/12\/presentation.png 1487w\" sizes=\"(max-width: 640px) 100vw, 640px\" \/>\t\t\t\t\t\t\t\t\t\t\t\t\t\t\t<\/div>\n\t\t\t\t<\/div>\n\t\t\t\t\t<\/div>\n\t\t<\/div>\n\t\t\t\t<div class=\"elementor-column elementor-col-50 elementor-top-column elementor-element elementor-element-e267a84\" data-id=\"e267a84\" data-element_type=\"column\">\n\t\t\t<div class=\"elementor-widget-wrap elementor-element-populated\">\n\t\t\t\t\t\t\t\t<div class=\"elementor-element elementor-element-122f507 elementor-widget elementor-widget-widgetkit-for-elementor-tilt-box\" data-id=\"122f507\" data-element_type=\"widget\" data-widget_type=\"widgetkit-for-elementor-tilt-box.default\">\n\t\t\t\t<div class=\"elementor-widget-container\">\n\t\t\t    <div class=\"wk-tilt-box\">\n        <div id=\"wk-tilt-122f507\" class=\"tilt-element wk-flex wk-flex-center\" data-tilt          >\n\n                                                <div class=\"wk-tilt-card wk-text-left content-overlay wk-padding\">\n                                                    <div class=\"wk-tilt-card-icon-top\">\n                                                            <\/div>\n                        \n                        <div class=\"wk-tilt-card-body\">\n                                                            <h3 class=\"wk-tilt-card-title\">\n                                    <a href=\"\" \n                                        >\n                                        A propos de nous                                    <\/a>\n                                <\/h3>\n                            \n                                                            <p class=\"wk-tilt-card-desc\">Nous sommes un \u00e9tablissement priv\u00e9 d'enseignement sup\u00e9rieur d\u00e9di\u00e9 \u00e0 la formation de techniciens sup\u00e9rieurs, de licenci\u00e9s professionnels et de masters professionnels dans les domaines techniques et manag\u00e9riaux de la t\u00e9l\u00e9informatique.  <\/p>\n                            \n                                                    <\/div>\n                    <\/div>\n                                    <\/div>\n            <\/div>\n\n\n\n     \n\n        <script type=\"text\/javascript\" src=\"https:\/\/cdnjs.cloudflare.com\/ajax\/libs\/vanilla-tilt\/1.7.0\/vanilla-tilt.min.js\"><\/script>\n        <script type=\"text\/javascript\">\n\n            VanillaTilt.init(document.querySelector(\"#wk-tilt-122f507 .tilt-element\"), {\n                max: 25,\n                speed: 400,\n\n                \n        });\n        \n\n        <\/script>\n        <script type=\"text\/javascript\">\n        jQuery(function($){\n            if(!$('body').hasClass('wk-tilt-box')){\n                $('body').addClass('wk-tilt-box');\n            }\n        });\n\n    <\/script>\n\n\n\n\t\t<\/div>\n\t\t\t\t<\/div>\n\t\t\t\t\t<\/div>\n\t\t<\/div>\n\t\t\t\t\t\t\t<\/div>\n\t\t<\/section>\n\t\t\t\t<section class=\"elementor-section elementor-top-section elementor-element elementor-element-8220cc8 elementor-section-boxed elementor-section-height-default elementor-section-height-default\" data-id=\"8220cc8\" data-element_type=\"section\">\n\t\t\t\t\t\t<div class=\"elementor-container elementor-column-gap-default\">\n\t\t\t\t\t<div class=\"elementor-column elementor-col-33 elementor-top-column elementor-element elementor-element-65cc9d8\" data-id=\"65cc9d8\" data-element_type=\"column\">\n\t\t\t<div class=\"elementor-widget-wrap elementor-element-populated\">\n\t\t\t\t\t\t\t\t<div class=\"elementor-element elementor-element-a8bb846 elementor-widget elementor-widget-image\" data-id=\"a8bb846\" data-element_type=\"widget\" data-widget_type=\"image.default\">\n\t\t\t\t<div class=\"elementor-widget-container\">\n\t\t\t\t\t\t\t\t\t\t\t\t\t\t\t<img decoding=\"async\" width=\"640\" height=\"427\" src=\"https:\/\/istingabon.org\/wp-content\/uploads\/2024\/05\/DSC08126-1024x683.jpg\" class=\"attachment-large size-large wp-image-10687\" alt=\"\" srcset=\"https:\/\/istingabon.org\/wp-content\/uploads\/2024\/05\/DSC08126-1024x683.jpg 1024w, https:\/\/istingabon.org\/wp-content\/uploads\/2024\/05\/DSC08126-300x200.jpg 300w, https:\/\/istingabon.org\/wp-content\/uploads\/2024\/05\/DSC08126-768x512.jpg 768w, https:\/\/istingabon.org\/wp-content\/uploads\/2024\/05\/DSC08126-1536x1024.jpg 1536w, https:\/\/istingabon.org\/wp-content\/uploads\/2024\/05\/DSC08126-2048x1365.jpg 2048w\" sizes=\"(max-width: 640px) 100vw, 640px\" \/>\t\t\t\t\t\t\t\t\t\t\t\t\t\t\t<\/div>\n\t\t\t\t<\/div>\n\t\t\t\t\t<\/div>\n\t\t<\/div>\n\t\t\t\t<div class=\"elementor-column elementor-col-33 elementor-top-column elementor-element elementor-element-3e8823e\" data-id=\"3e8823e\" data-element_type=\"column\">\n\t\t\t<div class=\"elementor-widget-wrap elementor-element-populated\">\n\t\t\t\t\t\t\t\t<div class=\"elementor-element elementor-element-a86626f elementor-widget elementor-widget-image\" data-id=\"a86626f\" data-element_type=\"widget\" data-widget_type=\"image.default\">\n\t\t\t\t<div class=\"elementor-widget-container\">\n\t\t\t\t\t\t\t\t\t\t\t\t\t\t\t<img decoding=\"async\" width=\"640\" height=\"427\" src=\"https:\/\/istingabon.org\/wp-content\/uploads\/2024\/05\/DSC08165-1024x683.jpg\" class=\"attachment-large size-large wp-image-10688\" alt=\"\" srcset=\"https:\/\/istingabon.org\/wp-content\/uploads\/2024\/05\/DSC08165-1024x683.jpg 1024w, https:\/\/istingabon.org\/wp-content\/uploads\/2024\/05\/DSC08165-300x200.jpg 300w, https:\/\/istingabon.org\/wp-content\/uploads\/2024\/05\/DSC08165-768x512.jpg 768w, https:\/\/istingabon.org\/wp-content\/uploads\/2024\/05\/DSC08165-1536x1024.jpg 1536w, https:\/\/istingabon.org\/wp-content\/uploads\/2024\/05\/DSC08165-2048x1365.jpg 2048w\" sizes=\"(max-width: 640px) 100vw, 640px\" \/>\t\t\t\t\t\t\t\t\t\t\t\t\t\t\t<\/div>\n\t\t\t\t<\/div>\n\t\t\t\t\t<\/div>\n\t\t<\/div>\n\t\t\t\t<div class=\"elementor-column elementor-col-33 elementor-top-column elementor-element elementor-element-a680ca1\" data-id=\"a680ca1\" data-element_type=\"column\">\n\t\t\t<div class=\"elementor-widget-wrap elementor-element-populated\">\n\t\t\t\t\t\t\t\t<div class=\"elementor-element elementor-element-4f44023 elementor-widget elementor-widget-image\" data-id=\"4f44023\" data-element_type=\"widget\" data-widget_type=\"image.default\">\n\t\t\t\t<div class=\"elementor-widget-container\">\n\t\t\t\t\t\t\t\t\t\t\t\t\t\t\t<img loading=\"lazy\" decoding=\"async\" width=\"640\" height=\"427\" src=\"https:\/\/istingabon.org\/wp-content\/uploads\/2024\/05\/DSC08176-1024x683.jpg\" class=\"attachment-large size-large wp-image-10689\" alt=\"\" srcset=\"https:\/\/istingabon.org\/wp-content\/uploads\/2024\/05\/DSC08176-1024x683.jpg 1024w, https:\/\/istingabon.org\/wp-content\/uploads\/2024\/05\/DSC08176-300x200.jpg 300w, https:\/\/istingabon.org\/wp-content\/uploads\/2024\/05\/DSC08176-768x512.jpg 768w, https:\/\/istingabon.org\/wp-content\/uploads\/2024\/05\/DSC08176-1536x1024.jpg 1536w, https:\/\/istingabon.org\/wp-content\/uploads\/2024\/05\/DSC08176-2048x1365.jpg 2048w\" sizes=\"(max-width: 640px) 100vw, 640px\" \/>\t\t\t\t\t\t\t\t\t\t\t\t\t\t\t<\/div>\n\t\t\t\t<\/div>\n\t\t\t\t\t<\/div>\n\t\t<\/div>\n\t\t\t\t\t\t\t<\/div>\n\t\t<\/section>\n\t\t\t\t<section class=\"elementor-section elementor-top-section elementor-element elementor-element-7977a74 elementor-section-boxed elementor-section-height-default elementor-section-height-default\" data-id=\"7977a74\" data-element_type=\"section\">\n\t\t\t\t\t\t<div class=\"elementor-container elementor-column-gap-default\">\n\t\t\t\t\t<div class=\"elementor-column elementor-col-100 elementor-top-column elementor-element elementor-element-843b5c0\" data-id=\"843b5c0\" data-element_type=\"column\">\n\t\t\t<div class=\"elementor-widget-wrap elementor-element-populated\">\n\t\t\t\t\t\t\t\t<div class=\"elementor-element elementor-element-5a7f62e elementor-widget elementor-widget-widgetkit-for-elementor-tilt-box\" data-id=\"5a7f62e\" data-element_type=\"widget\" data-widget_type=\"widgetkit-for-elementor-tilt-box.default\">\n\t\t\t\t<div class=\"elementor-widget-container\">\n\t\t\t    <div class=\"wk-tilt-box\">\n        <div id=\"wk-tilt-5a7f62e\" class=\"tilt-element wk-flex wk-flex-center\" data-tilt          >\n\n                                                <div class=\"wk-tilt-card wk-text-left content-overlay wk-padding\">\n                                                    <div class=\"wk-tilt-card-icon-top\">\n                                                            <\/div>\n                        \n                        <div class=\"wk-tilt-card-body\">\n                                                            <h3 class=\"wk-tilt-card-title\">\n                                    <a href=\"\" \n                                        >\n                                        Notre mission                                    <\/a>\n                                <\/h3>\n                            \n                                                            <p class=\"wk-tilt-card-desc\">Pr\u00e9parer les \u00e9tudiants \u00e0 relever les d\u00e9fis passionnants du monde num\u00e9rique en constante \u00e9volution.<\/p>\n                            \n                                                    <\/div>\n                    <\/div>\n                                    <\/div>\n            <\/div>\n\n\n\n     \n\n        <script type=\"text\/javascript\" src=\"https:\/\/cdnjs.cloudflare.com\/ajax\/libs\/vanilla-tilt\/1.7.0\/vanilla-tilt.min.js\"><\/script>\n        <script type=\"text\/javascript\">\n\n            VanillaTilt.init(document.querySelector(\"#wk-tilt-5a7f62e .tilt-element\"), {\n                max: 25,\n                speed: 400,\n\n                \n        });\n        \n\n        <\/script>\n        <script type=\"text\/javascript\">\n        jQuery(function($){\n            if(!$('body').hasClass('wk-tilt-box')){\n                $('body').addClass('wk-tilt-box');\n            }\n        });\n\n    <\/script>\n\n\n\n\t\t<\/div>\n\t\t\t\t<\/div>\n\t\t\t\t\t<\/div>\n\t\t<\/div>\n\t\t\t\t\t\t\t<\/div>\n\t\t<\/section>\n\t\t\t\t<section class=\"elementor-section elementor-top-section elementor-element elementor-element-1c0325e elementor-section-boxed elementor-section-height-default elementor-section-height-default\" data-id=\"1c0325e\" data-element_type=\"section\" data-settings=\"{&quot;background_background&quot;:&quot;classic&quot;}\">\n\t\t\t\t\t\t<div class=\"elementor-container elementor-column-gap-default\">\n\t\t\t\t\t<div class=\"elementor-column elementor-col-50 elementor-top-column elementor-element elementor-element-7d7ec10\" data-id=\"7d7ec10\" data-element_type=\"column\">\n\t\t\t<div class=\"elementor-widget-wrap elementor-element-populated\">\n\t\t\t\t\t\t\t\t<div class=\"elementor-element elementor-element-b6fe355 elementor-widget elementor-widget-image-box\" data-id=\"b6fe355\" data-element_type=\"widget\" data-widget_type=\"image-box.default\">\n\t\t\t\t<div class=\"elementor-widget-container\">\n\t\t\t<style>\/*! elementor - v3.18.0 - 20-12-2023 *\/\n.elementor-widget-image-box .elementor-image-box-content{width:100%}@media (min-width:768px){.elementor-widget-image-box.elementor-position-left .elementor-image-box-wrapper,.elementor-widget-image-box.elementor-position-right .elementor-image-box-wrapper{display:flex}.elementor-widget-image-box.elementor-position-right .elementor-image-box-wrapper{text-align:right;flex-direction:row-reverse}.elementor-widget-image-box.elementor-position-left .elementor-image-box-wrapper{text-align:left;flex-direction:row}.elementor-widget-image-box.elementor-position-top .elementor-image-box-img{margin:auto}.elementor-widget-image-box.elementor-vertical-align-top .elementor-image-box-wrapper{align-items:flex-start}.elementor-widget-image-box.elementor-vertical-align-middle .elementor-image-box-wrapper{align-items:center}.elementor-widget-image-box.elementor-vertical-align-bottom .elementor-image-box-wrapper{align-items:flex-end}}@media (max-width:767px){.elementor-widget-image-box .elementor-image-box-img{margin-left:auto!important;margin-right:auto!important;margin-bottom:15px}}.elementor-widget-image-box .elementor-image-box-img{display:inline-block}.elementor-widget-image-box .elementor-image-box-title a{color:inherit}.elementor-widget-image-box .elementor-image-box-wrapper{text-align:center}.elementor-widget-image-box .elementor-image-box-description{margin:0}<\/style><div class=\"elementor-image-box-wrapper\"><div class=\"elementor-image-box-content\"><h3 class=\"elementor-image-box-title\">Programmes acad\u00e9miques<\/h3><p class=\"elementor-image-box-description\">Nous offrons des programmes acad\u00e9miques rigoureux qui combinent une formation th\u00e9orique approfondie avec une exp\u00e9rience pratique significative. Nos \u00e9tudiants acqui\u00e8rent les comp\u00e9tences techniques, la pens\u00e9e critique et les comp\u00e9tences en leadership n\u00e9cessaires pour r\u00e9ussir dans l'industrie des technologies de l'information et de la communication (TIC).<\/p><\/div><\/div>\t\t<\/div>\n\t\t\t\t<\/div>\n\t\t\t\t\t<\/div>\n\t\t<\/div>\n\t\t\t\t<div class=\"elementor-column elementor-col-50 elementor-top-column elementor-element elementor-element-9164a2e\" data-id=\"9164a2e\" data-element_type=\"column\">\n\t\t\t<div class=\"elementor-widget-wrap elementor-element-populated\">\n\t\t\t\t\t\t\t\t<div class=\"elementor-element elementor-element-97af964 elementor-widget elementor-widget-image-box\" data-id=\"97af964\" data-element_type=\"widget\" data-widget_type=\"image-box.default\">\n\t\t\t\t<div class=\"elementor-widget-container\">\n\t\t\t<div class=\"elementor-image-box-wrapper\"><div class=\"elementor-image-box-content\"><h3 class=\"elementor-image-box-title\">Sessions de formation <\/h3><p class=\"elementor-image-box-description\">Nous organisons \u00e9galement des sessions de formation continue sous forme de s\u00e9minaires et d'ateliers. Ces programmes sont con\u00e7us pour r\u00e9pondre aux besoins en constante \u00e9volution des professionnels de l'industrie des TIC. Que vous soyez un technicien, un ing\u00e9nieur ou un cadre, nos formations personnalis\u00e9es vous permettront de rester \u00e0 jour avec les derni\u00e8res tendances et technologies dans le domaine de l'informatique.<\/p><\/div><\/div>\t\t<\/div>\n\t\t\t\t<\/div>\n\t\t\t\t\t<\/div>\n\t\t<\/div>\n\t\t\t\t\t\t\t<\/div>\n\t\t<\/section>\n\t\t\t\t<section class=\"elementor-section elementor-top-section elementor-element elementor-element-c5ef937 elementor-section-boxed elementor-section-height-default elementor-section-height-default\" data-id=\"c5ef937\" data-element_type=\"section\">\n\t\t\t\t\t\t<div class=\"elementor-container elementor-column-gap-default\">\n\t\t\t\t\t<div class=\"elementor-column elementor-col-100 elementor-top-column elementor-element elementor-element-4c6c2b6\" data-id=\"4c6c2b6\" data-element_type=\"column\">\n\t\t\t<div class=\"elementor-widget-wrap elementor-element-populated\">\n\t\t\t\t\t\t\t\t<div class=\"elementor-element elementor-element-a0a9def elementor-widget__width-inherit elementor-widget elementor-widget-widgetkit-for-elementor-tilt-box\" data-id=\"a0a9def\" data-element_type=\"widget\" data-widget_type=\"widgetkit-for-elementor-tilt-box.default\">\n\t\t\t\t<div class=\"elementor-widget-container\">\n\t\t\t    <div class=\"wk-tilt-box\">\n        <div id=\"wk-tilt-a0a9def\" class=\"tilt-element wk-flex wk-flex-center\" data-tilt          >\n\n                                                <div class=\"wk-tilt-card wk-text-left content-overlay wk-padding\">\n                                                    <div class=\"wk-tilt-card-icon-top\">\n                                                            <\/div>\n                        \n                        <div class=\"wk-tilt-card-body\">\n                            \n                                                            <p class=\"wk-tilt-card-desc\">Que vous soyez un \u00e9tudiant passionn\u00e9 cherchant \u00e0 d\u00e9marrer une carri\u00e8re prometteuse dans le domaine des TIC, ou une entreprise \u00e0 la recherche de solutions de formation sur mesure pour votre personnel, l'Institut Sup\u00e9rieur des Technologies de l\u2019Information et du Num\u00e9rique est l\u00e0 pour vous accompagner dans votre parcours vers le succ\u00e8s num\u00e9rique.<\/p>\n                            \n                                                    <\/div>\n                    <\/div>\n                                    <\/div>\n            <\/div>\n\n\n\n     \n\n        <script type=\"text\/javascript\" src=\"https:\/\/cdnjs.cloudflare.com\/ajax\/libs\/vanilla-tilt\/1.7.0\/vanilla-tilt.min.js\"><\/script>\n        <script type=\"text\/javascript\">\n\n            VanillaTilt.init(document.querySelector(\"#wk-tilt-a0a9def .tilt-element\"), {\n                max: 25,\n                speed: 400,\n\n                \n        });\n        \n\n        <\/script>\n        <script type=\"text\/javascript\">\n        jQuery(function($){\n            if(!$('body').hasClass('wk-tilt-box')){\n                $('body').addClass('wk-tilt-box');\n            }\n        });\n\n    <\/script>\n\n\n\n\t\t<\/div>\n\t\t\t\t<\/div>\n\t\t\t\t\t<\/div>\n\t\t<\/div>\n\t\t\t\t\t\t\t<\/div>\n\t\t<\/section>\n\t\t\t\t\t\t\t<\/div>\n\t\t","protected":false},"excerpt":{"rendered":"<p>A propos de nous Nous sommes un \u00e9tablissement priv\u00e9 d&#8217;enseignement sup\u00e9rieur d\u00e9di\u00e9 \u00e0 la formation de techniciens sup\u00e9rieurs, de licenci\u00e9s [&hellip;]<\/p>\n","protected":false},"author":1,"featured_media":0,"parent":0,"menu_order":0,"comment_status":"closed","ping_status":"closed","template":"","meta":{"footnotes":""},"class_list":["post-10095","page","type-page","status-publish","hentry"],"_links":{"self":[{"href":"https:\/\/istingabon.org\/index.php?rest_route=\/wp\/v2\/pages\/10095","targetHints":{"allow":["GET"]}}],"collection":[{"href":"https:\/\/istingabon.org\/index.php?rest_route=\/wp\/v2\/pages"}],"about":[{"href":"https:\/\/istingabon.org\/index.php?rest_route=\/wp\/v2\/types\/page"}],"author":[{"embeddable":true,"href":"https:\/\/istingabon.org\/index.php?rest_route=\/wp\/v2\/users\/1"}],"replies":[{"embeddable":true,"href":"https:\/\/istingabon.org\/index.php?rest_route=%2Fwp%2Fv2%2Fcomments&post=10095"}],"version-history":[{"count":34,"href":"https:\/\/istingabon.org\/index.php?rest_route=\/wp\/v2\/pages\/10095\/revisions"}],"predecessor-version":[{"id":10723,"href":"https:\/\/istingabon.org\/index.php?rest_route=\/wp\/v2\/pages\/10095\/revisions\/10723"}],"wp:attachment":[{"href":"https:\/\/istingabon.org\/index.php?rest_route=%2Fwp%2Fv2%2Fmedia&parent=10095"}],"curies":[{"name":"wp","href":"https:\/\/api.w.org\/{rel}","templated":true}]}}