
{"id":11031,"date":"2025-08-26T14:16:06","date_gmt":"2025-08-26T12:16:06","guid":{"rendered":"https:\/\/istingabon.org\/?page_id=11031"},"modified":"2025-12-10T19:09:06","modified_gmt":"2025-12-10T18:09:06","slug":"inscription","status":"publish","type":"page","link":"https:\/\/istingabon.org\/?page_id=11031","title":{"rendered":"Inscription"},"content":{"rendered":"<style>\n  .formulaire-concours {<br \/>\n    background-color: white;<br \/>\n    border-radius: 15px;<br \/>\n    padding: 30px;<br \/>\n    box-shadow: 0 4px 12px rgba(0,0,0,0.1);<br \/>\n    max-width: 900px;<br \/>\n    margin-left: auto;<br \/>\n    margin-right: auto;<br \/>\n.montant {<br \/>\n    font-weight: bold;<br \/>\n    color: green;<br \/>\n    font-size: 16px;<br \/>\n  }<br \/>\n  #spinnerLoading {<br \/>\n    position: fixed;<br \/>\n    top: 50%;<br \/>\n    left: 50%;<br \/>\n    transform: translate(-50%, -50%);<br \/>\n    z-index: 9999;<br \/>\n    background: rgba(255, 255, 255, 0.8);<br \/>\n    padding: 20px 40px;<br \/>\n    border-radius: 8px;<br \/>\n    box-shadow: 0 0 15px 5px rgba(135, 206, 250, 0.7); \/* bleu ciel *\/<br \/>\n}<br \/>\n@keyframes pulse {<br \/>\n  0% {<br \/>\n    transform: scale(1);<br \/>\n    opacity: 1;<br \/>\n  }<br \/>\n  50% {<br \/>\n    transform: scale(1.1);<br \/>\n    opacity: 0.8;<br \/>\n  }<br \/>\n  100% {<br \/>\n    transform: scale(1);<br \/>\n    opacity: 1;<br \/>\n  }<br \/>\n}<\/p>\n<p>.montant {<br \/>\n  animation: pulse 1.5s infinite;<br \/>\n  color: #e60000; \/* rouge doux *\/<br \/>\n  font-weight: bold;<br \/>\n  display: inline-block;<br \/>\n}<\/p>\n<\/style>\n<div class=\"container my-5\">\n<div class=\"formulaire-concours\">\n<h2 class=\"text-center mb-4\">Formulaire d&#8217;Inscription<\/h2>\n<form action=\"\/dossInscription\/php\/controller\/process_inscription_admis.php\"\n          method=\"post\"\n          enctype=\"multipart\/form-data\"\n          class=\"needs-validation\"\n          novalidate\n          id=\"formConcours\"><\/p>\n<div class=\"row g-3\">\n<p>        <!-- Spinner --><\/p>\n<div id=\"spinnerLoading\" class=\"text-center my-3\" style=\"display: none;\">\n<div class=\"spinner-border text-primary\" role=\"status\">\n            <span class=\"sr-only\">Traitement en cours&#8230;<\/span>\n          <\/div>\n<div>\n         Traitement en cours&#8230;\n          <\/div>\n<\/p><\/div>\n<p>        <!-- Montant shortcode --><br \/>\n        \n    <div class=\"alert alert-info\" role=\"alert\">\n        <h5 class=\"alert-heading\">\ud83d\udca1 Information importante<\/h5>\n        <p>Les frais pour l'inscription  sont fix\u00e9s \u00e0 \n            <strong>103 000 FCFA<\/strong>.\n        <\/p>\n        \n        <p class=\"text-danger fw-bold\">\n            \u26a0\ufe0f Veuillez vous assurer que le solde de votre compte Mobile Money est sup\u00e9rieur ou \u00e9gal \u00e0 \n            <strong>103 000 FCFA<\/strong> avant de valider votre inscription.\n        <\/p>\n        <p>\n            \ud83d\udcf8 Conservez la preuve de paiement (re\u00e7u), elle pourra vous \u00eatre demand\u00e9e.\n        <\/p>\n    <\/div><\/p>\n<p>        <!-- Code inscription --><\/p>\n<div class=\"col-md-12\">\n          <label for=\"code\" class=\"form-label fw-semibold mb-0\">Code *<\/label><br \/>\n          <input type=\"text\" class=\"form-control\" id=\"code\" name=\"code\" required><\/p><\/div>\n<p>        <!-- Bouton V\u00e9rifier --><\/p>\n<div class=\"col-12 text-center\">\n          <\/br> <\/br><br \/>\n          <button type=\"button\" class=\"btn btn-primary w-100\" id=\"inscrire\" style=\"max-width: 300px;\">V\u00e9rifier<\/button>\n        <\/div>\n<div  id=\"affiche\" style=\"display: none;\" name=\"affiche\">\n        <!-- Nom --><\/p>\n<div class=\"col-md-6\">\n          <label for=\"nom\" class=\"form-label fw-semibold mb-0\">Nom<\/label><br \/>\n          <input type=\"text\" class=\"form-control\" id=\"nom\" name=\"nom\" readonly>\n        <\/div>\n<p>        <!-- Pr\u00e9nom --><\/p>\n<div class=\"col-md-6\">\n          <label for=\"prenom\" class=\"form-label fw-semibold mb-0\">Pr\u00e9nom<\/label><br \/>\n          <input type=\"text\" class=\"form-control\" id=\"prenom\" name=\"prenom\" readonly>\n        <\/div>\n<p>        <!-- T\u00e9l\u00e9phone --><\/p>\n<div class=\"col-md-12\">\n          <label for=\"telephone\" class=\"form-label fw-semibold mb-0\">T\u00e9l\u00e9phone *(pour le paiement mobile money)<\/label><br \/>\n          <input type=\"text\" class=\"form-control\" id=\"telephone\" name=\"telephone\" ><\/p><\/div>\n<p>        <!-- Bouton Valider l'inscription --><\/p>\n<div class=\"col-12 text-center mt-3\"> <!-- Ajoute une marge en haut --><br \/>\n          <button type=\"button\" class=\"btn btn-primary w-100\" id=\"validerInscription\"><br \/>\n          Valider l&#8217;inscription<br \/>\n          <\/button>\n      <\/div>\n<\/p><\/div>\n<\/p><\/form>\n<\/p><\/div>\n<\/div>\n<p><!-- Scripts --><br \/>\n<script src=\"\/dossInscription\/js\/sweet.js\"><\/script><br \/>\n<script src=\"\/dossInscription\/js\/controleEnvoiInscription.js\"><\/script><\/p>\n<p><script src=\"\/dossInscription\/js\/sweet.js\"><\/script><br \/>\n<script src=\"\/dossInscription\/js\/controleEnvoiInscription.js\"><\/script><br \/>\n<script src=\"\/dossInscription\/js\/inputmask.min.js\"><\/script><\/p>\n\n\n<p><\/p>\n","protected":false},"excerpt":{"rendered":"<p>Formulaire d&#8217;Inscription Traitement en cours&#8230; Traitement en cours&#8230; Code * V\u00e9rifier Nom Pr\u00e9nom T\u00e9l\u00e9phone *(pour le paiement mobile money) Valider [&hellip;]<\/p>\n","protected":false},"author":3,"featured_media":0,"parent":0,"menu_order":0,"comment_status":"closed","ping_status":"closed","template":"","meta":{"footnotes":""},"class_list":["post-11031","page","type-page","status-publish","hentry"],"_links":{"self":[{"href":"https:\/\/istingabon.org\/index.php?rest_route=\/wp\/v2\/pages\/11031","targetHints":{"allow":["GET"]}}],"collection":[{"href":"https:\/\/istingabon.org\/index.php?rest_route=\/wp\/v2\/pages"}],"about":[{"href":"https:\/\/istingabon.org\/index.php?rest_route=\/wp\/v2\/types\/page"}],"author":[{"embeddable":true,"href":"https:\/\/istingabon.org\/index.php?rest_route=\/wp\/v2\/users\/3"}],"replies":[{"embeddable":true,"href":"https:\/\/istingabon.org\/index.php?rest_route=%2Fwp%2Fv2%2Fcomments&post=11031"}],"version-history":[{"count":90,"href":"https:\/\/istingabon.org\/index.php?rest_route=\/wp\/v2\/pages\/11031\/revisions"}],"predecessor-version":[{"id":11152,"href":"https:\/\/istingabon.org\/index.php?rest_route=\/wp\/v2\/pages\/11031\/revisions\/11152"}],"wp:attachment":[{"href":"https:\/\/istingabon.org\/index.php?rest_route=%2Fwp%2Fv2%2Fmedia&parent=11031"}],"curies":[{"name":"wp","href":"https:\/\/api.w.org\/{rel}","templated":true}]}}